factor of h and d.
12
Let o(t) = -t**3 + 6*t**2 - 5*t + 4. Let a be o(5). Let q be a/6 + (-40)/(-12). Suppose q = -h + 7. What is the highest common divisor of 15 and h?
3
Suppose 2*z + 3*z - 30 = 0. Suppose 4*w - 12 = -d + z, 4*d = -2*w + 16. Let p(b) = 3*b + 2. Let i be p(4). What is the greatest common divisor of i and d?
2
Let t(p) = p**2 + 3*p + 4. Let w be t(-5). Let u = -2 + 7. Let a be ((-4)/u)/(2/(-70)). What is the greatest common factor of a and w?
14
Let z be 4/(-26) - 290/(-26). Calculate the highest common factor of 1 and z.
1
Suppose 0 = 3*v - 0*v - 270. Calculate the greatest common factor of 10 and v.
10
Suppose h + 825 = 4*s, 2*h = 5*s + 3*h - 1038. What is the greatest common divisor of s and 9?
9
Let t = -3 + 5. Suppose -t*m - 213 = 3*z, 289 = -4*z + 3*m - 4*m. Let n = z - -209. What is the greatest common divisor of 17 and n?
17
Let f be 2/4 - (-198)/4. Let q = 38 + f. Calculate the highest common divisor of q and 11.
11
Suppose 0 = -3*i + 4*r + 1 + 10, 5*i = -3*r + 28. Calculate the highest common divisor of i and 15.
5
Let r = 100 + -200. Let j be 4/(-14) - r/7. What is the greatest common divisor of 42 and j?
14
Let x(f) = -2*f + 14. Let k be x(-15). Suppose p = -4*s - 3*p - 12, -23 = -4*s + 3*p. Suppose -s*t = 2*t - 44. Calculate the greatest common divisor of k and t.
11
Suppose 6*n = 2*n + 48. Let o = -77 + 125. What is the greatest common factor of o and n?
12
Suppose -f - f + g = -71, -g = 5*f - 174. Calculate the greatest common divisor of f and 14.
7
Let y(w) = -4*w - 15. Let n be y(-8). Calculate the highest common factor of n and 17.
17
Suppose 3*i - 2*i - 1 = 0. What is the highest common factor of 2 and i?
1
Let z(v) = v**2 - 7*v - 3. Suppose -2*k + 8 = -k. Let g be z(k). Suppose o = -9 + 64. What is the greatest common divisor of g and o?
5
Let n be (-30 - -5)*(-18)/10. Calculate the greatest common divisor of 5 and n.
5
Let i be 25*(1 - 1/5). Calculate the highest common factor of i and 5.
5
Let x = -4 + 6. Let m be (-212)/x*3/1. Let z be 1/(-5) + m/(-15). What is the highest common divisor of z and 3?
3
Suppose -8 = 2*d - 4*x, -2*x - x - 24 = d. Let b = 22 + d. Let l be (28/b)/(3/30). Calculate the highest common factor of 4 and l.
4
Let p = 15 + -11. Let q(x) = 3*x. Let y be q(2). Suppose -a = 3*j - y*j + 8, 4*j + 2*a = -6. Calculate the highest common factor of p and j.
1
Let m(u) = 2*u + 4. Suppose -8*t + 5*t = 0. Let i be m(t). Calculate the highest common divisor of i and 16.
4
Let l(u) = 61*u**3 - u**2 + u + 1. Let p be l(1). What is the highest common factor of 2 and p?
2
Let u = -26 - -16. Let b be ((-168)/u)/(6/40). Calculate the highest common divisor of b and 16.
16
Let p = -9 - -12. Suppose -d + 222 = p*k, 3*d = 3*k - 8*k + 646. Calculate the highest common factor of d and 23.
23
Suppose 135 = -122*z + 127*z. What is the greatest common divisor of 63 and z?
9
Let t(z) = -7*z - 1. Let n be t(-1). What is the highest common factor of 54 and n?
6
Suppose 3*f - 3 = -2*i, 0 = -4*i + 3*f + 2*f - 27. Let j(o) = 2*o**2 - 4*o - 3. Let k be j(i). What is the highest common factor of k and 3?
3
Suppose 3*y - 4 - 35 = 3*k, 4*y - 20 = -4*k. Calculate the greatest common factor of y and 45.
9
Let f be (-2 + 2 + -10)/(-1). Let s = f + -22. Let c = 18 + s. What is the greatest common factor of c and 15?
3
Let l = -76 - -48. Let v = l - -43. Let c = 85 - 40. What is the greatest common divisor of c and v?
15
Let s = -347 + 494. What is the highest common divisor of s and 21?
21
Let y = -150 - -260. Calculate the highest common factor of 10 and y.
10
Let h(b) = 2*b + 4. Let z be h(6). What is the greatest common factor of 2 and z?
2
Suppose -3*h = -2*h + 11. Let q be 2/(-11) - 464/h. Calculate the highest common factor of q and 6.
6
Let v(m) be the third derivative of -m**4/12 + 5*m**3/6 - 10*m**2. Let z be v(-5). Calculate the greatest common factor of z and 105.
15
Suppose 0*m = -m + 19. Let b be (-10)/(-25) + 14/(-10). Let r be 17 + (b - 3/(-1)). Calculate the highest common factor of m and r.
19
Suppose 272 = 4*i + 5*d, 2*d = 6*d - 16. Calculate the greatest common factor of 21 and i.
21
Let n = 26 - 22. Suppose -36 = -7*m + n*m. Calculate the greatest common factor of m and 12.
12
Suppose 0*q + 3*q - 39 = -5*l, 4*l - 28 = -2*q. Calculate the greatest common factor of q and 8.
8
Suppose 0 = -6*v + 5*v + 171. What is the greatest common factor of 19 and v?
19
Let w(s) = 35*s - 35. Let d be w(9). Calculate the greatest common divisor of d and 40.
40
Let s = -84 + 210. Suppose -3*r = 4*q - q - s, -4*q - 8 = 0. Suppose 2*j + 46 + 6 = 4*f, 2*f = 4*j + 38. Calculate the greatest common factor of r and f.
11
Suppose 145 - 17 = 4*s. Calculate the highest common factor of 8 and s.
8
Let n(w) = -9*w + 9. Let f(c) = 35*c - 35. Let h(g) = -4*f(g) - 15*n(g). Let t be h(-10). What is the highest common factor of 11 and t?
11
Let p(j) = -2*j**2 + 3*j - 5. Let n be ((-15)/12)/((-1)/4). Let s be p(n). Let k = 68 + s. Calculate the highest common factor of 14 and k.
14
Suppose 5*r - 10 = 50. What is the highest common factor of r and 48?
12
Let u(h) = 2*h**2 - 5*h + 2. Let q be u(3). Let g = 20 - q. What is the highest common factor of 75 and g?
15
Suppose -2*o + 9 + 11 = 0. Let b(i) = 6*i - 4. Let y be b(5). Let d = 64 + y. Calculate the greatest common divisor of d and o.
10
Suppose -4*o + g + 16 - 2 = 0, -o + 2 = -g. Let h(z) = z**2 - 4*z - 1. Let j be h(5). Calculate the greatest common factor of j and o.
4
Suppose 0 = 3*c + c + 16, -5*c + 46 = 3*p. Calculate the highest common factor of p and 44.
22
Suppose 5*x - 4*b - 64 + 19 = 0, 3*x + 5*b = -10. Suppose 0 = -g + 2*d + 155, -g + 0*g - x*d + 148 = 0. What is the highest common divisor of 17 and g?
17
Let k be 2/6 + 389/3. Let r(p) = 13*p**2 + p + 1. Let o be r(-1). Calculate the highest common divisor of o and k.
13
Let t(f) = f. Let u be t(-2). Let h be (-10)/(-4) - u/(-4). Let y be (10 - -1)/(h/2). What is the highest common divisor of y and 11?
11
Let a = 7 - 1. What is the highest common divisor of a and 9?
3
Suppose -3*s = m + 2*m - 3, 0 = -3*m - 5*s - 7. Calculate the highest common factor of m and 48.
6
Suppose -s + 7*s - 192 = 0. What is the greatest common factor of s and 4?
4
Let v = 52 - 32. What is the greatest common divisor of v and 8?
4
Let n be ((-225)/5)/(-5) - -2. Suppose -3*p - 57 = -5*c - 5*p, p + 54 = 5*c. Calculate the highest common divisor of c and n.
11
Let g(v) = v - 4. Let w be g(-6). Let d be (36/w)/(1/(-30)). Calculate the greatest common divisor of d and 12.
12
Let m = 46 - 18. Let n(b) = 5*b + 39. Let z be n(-7). Calculate the greatest common factor of m and z.
4
Let g be 4/(-6)*195/(-26). What is the highest common divisor of g and 20?
5
Let n = 14 - 10. Suppose 6 = n*o - o. What is the greatest common factor of o and 2?
2
Let t be (-30)/70 + 1403/7. What is the greatest common divisor of 50 and t?
50
Let w(c) = c. Let q(g) = 2*g - 4. Let z(f) = q(f) + w(f). Let t be z(3). What is the highest common divisor of 15 and t?
5
Let o be (130 + -10)*(-1)/(-2). Calculate the greatest common factor of 40 and o.
20
Let r = 9 + -3. Let o(j) = 7*j - 9. Let g be o(r). Calculate the greatest common divisor of 22 and g.
11
Suppose 3*s = 154 - 19. What is the greatest common divisor of s and 5?
5
Suppose 9 = 4*w + 1. Suppose 5*g - 53 = 2*f, -f = -w*g - 0*g + 22. Calculate the greatest common divisor of 99 and g.
9
Suppose -c + 12 = 2*c. Let i be 5 + c*4/16. Let l be ((13 + -1)/(-2))/(-1). Calculate the greatest common divisor of l and i.
6
Let y(l) = l**2 + 5*l + 2. Let n be y(-2). Let x be ((-30)/n)/(3/6). What is the highest common divisor of x and 10?
5
Suppose -3*z - 6 = -4*n + 2*z, n = 4*z + 7. Let s be (0 + n)/1 + 61. What is the highest common divisor of 6 and s?
6
Suppose 4*h - 8 = -2*k, -4*k + h = -25 - 9. Let o(q) = -2*q**3 - 4*q**2 - 3*q - 4. Let m be o(-4). Calculate the highest common factor of m and k.
8
Let s be 38*(34/4 + -2). Suppose 3*f + s = 976. What is the highest common factor of f and 27?
27
Let r = 2 - -6. Calculate the highest common divisor of r and 56.
8
Let j(y) = 144*y**3 - y**2 - 2*y + 2. Let h be j(1). Calculate the greatest common divisor of h and 13.
13
Suppose 2*y = -2*y + 224. Let c(h) = 28*h + 231. Let o be c(-8).